 is divided by 791.
69
Calculate the remainder when 74255 is divided by 163.
90
Calculate the remainder when 126886 is divided by 1952.
6
What is the remainder when 66801 is divided by 1044?
1029
What is the remainder when 14719 is divided by 2438?
91
What is the remainder when 14110 is divided by 343?
47
What is the remainder when 59953 is divided by 65?
23
Calculate the remainder when 465673 is divided by 69.
61
What is the remainder when 5040 is divided by 2518?
4
What is the remainder when 1603 is divided by 786?
31
What is the remainder when 427853 is divided by 442?
439
Calculate the remainder when 1630915 is divided by 334.
327
What is the remainder when 9451 is divided by 645?
421
Calculate the remainder when 12659 is divided by 6251.
157
What is the remainder when 5752 is divided by 817?
33
What is the remainder when 36368 is divided by 578?
532
What is the remainder when 2974 is divided by 88?
70
Calculate the remainder when 62255 is divided by 943.
17
Calculate the remainder when 24818 is divided by 8252.
62
Calculate the remainder when 642211 is divided by 499.
497
Calculate the remainder when 177303 is divided by 5.
3
What is the remainder when 30226 is divided by 19?
16
Calculate the remainder when 45200 is divided by 15064.
8
What is the remainder when 4619 is divided by 466?
425
Calculate the remainder when 358 is divided by 223.
135
What is the remainder when 24676 is divided by 29?
26
What is the remainder when 65004 is divided by 1353?
60
Calculate the remainder when 5987 is divided by 869.
773
What is the remainder when 48693 is divided by 12167?
25
Calculate the remainder when 1873590 is divided by 9.
6
What is the remainder when 4298 is divided by 547?
469
Calculate the remainder when 495261 is divided by 308.
305
What is the remainder when 61914 is divided by 1940?
1774
Calculate the remainder when 55196 is divided by 27598.
0
Calculate the remainder when 417156 is divided by 18.
6
What is the remainder when 27014 is divided by 112?
22
What is the remainder when 2973 is divided by 192?
93
What is the remainder when 1240429 is divided by 310105?
9
What is the remainder when 33169 is divided by 54?
13
What is the remainder when 22973 is divided by 54?
23
What is the remainder when 41539 is divided by 152?
43
Calculate the remainder when 14718 is divided by 127.
113
Calculate the remainder when 2961189 is divided by 58.
57
Calculate the remainder when 5208 is divided by 2590.
28
What is the remainder when 991326 is divided by 16?
14
Calculate the remainder when 320863 is divided by 296.
295
What is the remainder when 99189 is divided by 31?
20
What is the remainder when 26880 is divided by 26844?
36
Calculate the remainder when 575 is divided by 56.
15
Calculate the remainder when 2221 is divided by 551.
17
Calculate the remainder when 374881 is divided by 148.
145
Calculate the remainder when 1238 is divided by 1228.
10
Calculate the remainder when 1424 is divided by 107.
33
Calculate the remainder when 1055 is divided by 211.
0
Calculate the remainder when 29437 is divided by 1089.
34
What is the remainder when 108588 is divided by 27067?
320
What is the remainder when 44982 is divided by 47?
3
What is the remainder when 11005 is divided by 647?
6
Calculate the remainder when 2058 is divided by 255.
18
What is the remainder when 902 is divided by 890?
12
What is the remainder when 120038 is divided by 2?
0
Calculate the remainder when 77612 is divided by 198.
194
Calculate the remainder when 20209 is divided by 49.
21
What is the remainder when 73952 is divided by 9243?
8
What is the remainder when 28184 is divided by 14082?
20
What is the remainder when 2213976 is divided by 23?
19
What is the remainder when 5970 is divided by 213?
6
Calculate the remainder when 2437 is divided by 324.
169
What is the remainder when 3759 is divided by 617?
57
Calculate the remainder when 22380 is divided by 508.
28
Calculate the remainder when 18230 is divided by 15.
5
What is the remainder when 855 is divided by 752?
103
What is the remainder when 74893 is divided by 196?
21
What is the remainder when 5187 is divided by 77?
28
What is the remainder when 4616 is divided by 207?
62
Calculate the remainder when 220 is divided by 12.
4
Calculate the remainder when 4919 is divided by 498.
437
Calculate the remainder when 7817 is divided by 1953.
5
Calculate the remainder when 98726 is divided by 32903.
17
What is the remainder when 1631 is divided by 1584?
47
What is the remainder when 1661807 is divided by 11?
4
Calculate the remainder when 2153 is divided by 336.
137
What is the remainder when 2271 is divided by 85?
61
What is the remainder when 426964 is divided by 884?
876
What is the remainder when 2947 is divided by 728?
35
Calculate the remainder when 653 is divided by 186.
95
What is the remainder when 352894 is divided by 50?
44
What is the remainder when 481392 is divided by 10029?
0
Calculate the remainder when 32710 is divided by 385.
370
Calculate the remainder when 8430 is divided by 4149.
132
Calculate the remainder when 27948 is divided by 13960.
28
What is the remainder when 2713 is divided by 870?
103
Calculate the remainder when 21685 is divided by 942.
19
Calculate the remainder when 16565 is divided by 4049.
369
Calculate the remainder when 3207 is divided by 547.
472
What is the remainder when 244246 is divided by 16283?
1
What is the remainder when 22550 is divided by 501?
5
Calculate the remainder when 7879 is divided by 3933.
13
What is the remainder when 35246 is divided by 379?
378
What is the remainder when 30737 is divided by 90?
47
Calculate the remainder when 15276 is divided by 15274.
2
What is the remainder when 2805 is divided by 24?
21
Calculate the remainder when 43 is divided by 9.
7
What is the remainder when 30161 is divided by 2995?
211
What is the remainder when 9076 is divided by 1296?
4
What is the remainder when 10332 is divided by 3261?
549
What is the remainder when 3211 is divided by 641?
6
Calculate the remainder when 4300 is divided by 1900.
500
What is the remainder when 707698 is divided by 300?
298
Calculate the remainder when 580 is divided by 205.
170
What is the remainder when 8354 is divided by 614?
372
What is the remainder when 1807023 is divided by 6?
3
What is the remainder when 124056 is divided by 19?
5
What is the remainder when 7674 is divided by 693?
51
What is the remainder when 8250 is divided by 2?
0
Calculate the remainder when 44783 is divided by 22377.
29
Calculate the remainder when 5408699 is divided by 298.
297
What is the remainder when 14100 is divided by 243?
6
What is the remainder when 1975 is divided by 214?
49
Calculate the remainder when 66141 is divided by 378.
369
What is the remainder when 443961 is divided by 169?
167
What is the remainder when 646 is divided by 219?
208
What is the remainder when 2008 is divided by 954?
100
Calculate the remainder when 190975 is divided by 2010.
25
What is the remainder when 26276 is divided by 274?
246
Calculate the remainder when 6072 is divided by 6000.
72
What is the remainder when 16951 is divided by 2789?
217
What is the remainder when 679722 is divided by 10145?
7
What is the remainder when 2596858 is divided by 23?
20
What is the remainder when 847 is divided by 501?
346
Calculate the remainder when 1487 is divided by 352.
79
Calculate the remainder when 4356 is divided by 723.
18
Calculate the remainder when 1007378 is divided by 15.
8
Calculate the remainder when 49988 is divided by 12.
8
What is the remainder when 1236 is divided by 161?
109
What is the remainder when 70240 is divided by 163?
150
What is the remainder when 696 is divided by 207?
75
Calculate the remainder when 1162653 is divided by 792.
789
Calculate the remainder when 56979 is divided by 131.
125
Calculate the remainder when 3884 is divided by 118.
108
What is the remainder when 481596 is divided by 430?
426
Calculate the remainder when 831 is divided by 406.
19
What is the remainder when 178 is divided by 112?
66
Calculate the remainder when 60542 is divided by 279.
278
What is the remainder when 13379 is divided by 446?
445
What is the remainder when 19385 is divided by 589?
537
What is the remainder when 267117 is divided by 32?
13
Calc